{"id":335,"date":"2024-02-09T18:40:15","date_gmt":"2024-02-09T18:40:15","guid":{"rendered":"https:\/\/phbayer.com\/yasmin\/?page_id=295"},"modified":"2024-02-21T19:35:12","modified_gmt":"2024-02-21T19:35:12","slug":"honduras","status":"publish","type":"page","link":"https:\/\/cacmarcasconsumo.com\/gripe-y-tos-extra-fuerte\/honduras\/","title":{"rendered":"Honduras"},"content":{"rendered":"<p>[et_pb_section fb_built=\u00bb1&#8243; _builder_version=\u00bb4.24.0&#8243; _module_preset=\u00bbdefault\u00bb custom_padding=\u00bb0px||0px||true|false\u00bb hover_enabled=\u00bb0&#8243; locked=\u00bboff\u00bb global_colors_info=\u00bb{}\u00bb background_color=\u00bb#92479c\u00bb sticky_enabled=\u00bb0&#8243;][et_pb_row column_structure=\u00bb1_2,1_2&#8243; _builder_version=\u00bb4.19.5&#8243; _module_preset=\u00bbdefault\u00bb width=\u00bb100%\u00bb max_width=\u00bb95%\u00bb max_width_tablet=\u00bb100%\u00bb max_width_phone=\u00bb100%\u00bb max_width_last_edited=\u00bbon|desktop\u00bb hover_enabled=\u00bb0&#8243; custom_css_main_element=\u00bbdisplay:flex;\u00bb global_colors_info=\u00bb{}\u00bb sticky_enabled=\u00bb0&#8243;][et_pb_column type=\u00bb1_2&#8243; _builder_version=\u00bb4.19.5&#8243; _module_preset=\u00bbdefault\u00bb global_colors_info=\u00bb{}\u00bb][et_pb_image src=\u00bbhttps:\/\/cacmarcasconsumo.com\/gripe-y-tos-extra-fuerte\/wp-content\/uploads\/2024\/02\/tabcin_gripe_tos_extra_fuerte.png\u00bb title_text=\u00bbtabcin_gripe_tos_extra_fuerte\u00bb url=\u00bb@ET-DC@eyJkeW5hbWljIjp0cnVlLCJjb250ZW50IjoicG9zdF9saW5rX3VybF9wYWdlIiwic2V0dGluZ3MiOnsicG9zdF9pZCI6IjMzNCJ9fQ==@\u00bb _builder_version=\u00bb4.24.0&#8243; _dynamic_attributes=\u00bburl\u00bb _module_preset=\u00bbdefault\u00bb width=\u00bb27%\u00bb width_tablet=\u00bb80%\u00bb width_phone=\u00bb100%\u00bb width_last_edited=\u00bbon|tablet\u00bb custom_margin=\u00bb|||75px|false|false\u00bb custom_margin_tablet=\u00bb|||75px|false|false\u00bb custom_margin_phone=\u00bb|||20px|false|false\u00bb custom_margin_last_edited=\u00bbon|desktop\u00bb custom_padding=\u00bb|||1rem|false|false\u00bb animation_style=\u00bbzoom\u00bb hover_enabled=\u00bb0&#8243; global_colors_info=\u00bb{}\u00bb background_enable_color=\u00bboff\u00bb border_radii=\u00bbon|16px|16px|16px|16px\u00bb sticky_enabled=\u00bb0&#8243;][\/et_pb_image][\/et_pb_column][et_pb_column type=\u00bb1_2&#8243; _builder_version=\u00bb4.19.5&#8243; _module_preset=\u00bbdefault\u00bb global_colors_info=\u00bb{}\u00bb][et_pb_image src=\u00bbhttps:\/\/cacmarcasconsumo.com\/gripe-y-tos-extra-fuerte\/wp-content\/uploads\/2024\/02\/bayerlogo.png\u00bb title_text=\u00bbbayerlogo\u00bb url=\u00bbhttps:\/\/www.bayer.com\/en\/\u00bb url_new_window=\u00bbon\u00bb align=\u00bbright\u00bb _builder_version=\u00bb4.24.0&#8243; _module_preset=\u00bbdefault\u00bb width=\u00bb15%\u00bb width_tablet=\u00bb40%\u00bb width_phone=\u00bb45%\u00bb width_last_edited=\u00bbon|phone\u00bb custom_margin=\u00bb|75px|||false|false\u00bb custom_margin_tablet=\u00bb|75px|||false|false\u00bb custom_margin_phone=\u00bb|20px|||false|false\u00bb custom_margin_last_edited=\u00bbon|phone\u00bb animation_style=\u00bbzoom\u00bb global_colors_info=\u00bb{}\u00bb][\/et_pb_image][\/et_pb_column][\/et_pb_row][\/et_pb_section][et_pb_section fb_built=\u00bb1&#8243; _builder_version=\u00bb4.24.0&#8243; _module_preset=\u00bbdefault\u00bb hover_enabled=\u00bb0&#8243; global_colors_info=\u00bb{}\u00bb sticky_enabled=\u00bb0&#8243;][et_pb_row _builder_version=\u00bb4.20.4&#8243; _module_preset=\u00bbdefault\u00bb global_colors_info=\u00bb{}\u00bb][et_pb_column type=\u00bb4_4&#8243; _builder_version=\u00bb4.20.4&#8243; _module_preset=\u00bbdefault\u00bb global_colors_info=\u00bb{}\u00bb][et_pb_text _builder_version=\u00bb4.24.0&#8243; _module_preset=\u00bbdefault\u00bb text_orientation=\u00bbcenter\u00bb global_colors_info=\u00bb{}\u00bb]<\/p>\n<h3>TABCIN ANTIGRIPAL EXTRA FUERTE GRIPE Y TOS<\/h3>\n<p>[\/et_pb_text][et_pb_text _builder_version=\u00bb4.24.0&#8243; _module_preset=\u00bbdefault\u00bb header_3_font=\u00bb|700|||||||\u00bb global_colors_info=\u00bb{}\u00bb]<\/p>\n<p><strong>Indicaciones<\/strong><\/p>\n<p>Para el alivio de los s\u00edntomas del resfriado y la gripe: Tos, dolor de cabeza y cuerpo, secreci\u00f3n y congesti\u00f3n nasal, fiebre, estornudos y dolor de garganta.<\/p>\n<p>[\/et_pb_text][et_pb_text _builder_version=\u00bb4.24.0&#8243; _module_preset=\u00bbdefault\u00bb global_colors_info=\u00bb{}\u00bb]<\/p>\n<p><strong>Dosis<\/strong><\/p>\n<p>Adultos, 2 c\u00e1psulas con agua cada 4 a 6 horas. M\u00e1ximo 8 c\u00e1psulas al d\u00eda. Ni\u00f1os menores de 12 a\u00f1os, consulte a su m\u00e9dico.<\/p>\n<p>[\/et_pb_text][\/et_pb_column][\/et_pb_row][et_pb_row _builder_version=\u00bb4.20.4&#8243; _module_preset=\u00bbdefault\u00bb global_colors_info=\u00bb{}\u00bb][et_pb_column type=\u00bb4_4&#8243; _builder_version=\u00bb4.20.4&#8243; _module_preset=\u00bbdefault\u00bb global_colors_info=\u00bb{}\u00bb][et_pb_text _builder_version=\u00bb4.24.0&#8243; _module_preset=\u00bbdefault\u00bb header_3_font=\u00bb|700|||||||\u00bb global_colors_info=\u00bb{}\u00bb]<\/p>\n<p><strong>F\u00f3rmula por c\u00e1psula:<\/strong><\/p>\n<p>\u00a0Acetaminof\u00e9n 325 mg, Maleato de Clorfeniramina 2 mg, Clorhidrato de Fenilefrina 5 mg, Bromhidrato de Dextrometorfano 10 mg, e ingredientes inactivos.<\/p>\n<p>[\/et_pb_text][\/et_pb_column][\/et_pb_row][et_pb_row _builder_version=\u00bb4.20.4&#8243; _module_preset=\u00bbdefault\u00bb global_colors_info=\u00bb{}\u00bb][et_pb_column type=\u00bb4_4&#8243; _builder_version=\u00bb4.20.4&#8243; _module_preset=\u00bbdefault\u00bb global_colors_info=\u00bb{}\u00bb][et_pb_text _builder_version=\u00bb4.24.0&#8243; _module_preset=\u00bbdefault\u00bb header_3_font=\u00bb|700|||||||\u00bb global_colors_info=\u00bb{}\u00bb]<\/p>\n<p><strong>Precauciones:\u00a0<\/strong><\/p>\n<p>No exceda la dosis recomendada. Consulte a su m\u00e9dico si: est\u00e1 embarazada o en per\u00edodo de lactancia; padece estrechez del cuello de la vejiga; si los s\u00edntomas no mejoran o aparecen nuevos; si el dolor o la fiebre dura m\u00e1s de 3 d\u00edas; o se presentan erupciones en la piel, n\u00e1usea, v\u00f3mitos, nerviosismo, mareos, o falta de sue\u00f1o y en caso de sobredosis. Si ocurre somnolencia no maneje autom\u00f3vil ni m\u00e1quinas peligrosas. Puede producir sue\u00f1o o irritabilidad en los ni\u00f1os. Uso prolongado s\u00f3lo bajo vigilancia m\u00e9dica. Puede causar mareos o hipotensi\u00f3n en pacientes mayores de 60 a\u00f1os. El uso prolongado de Acetaminof\u00e9n, aun en peque\u00f1as dosis, puede provocar des\u00f3rdenes renales y hep\u00e1ticos. El Acetaminof\u00e9n est\u00e1 asociado con reacciones poco comunes pero serias en la piel como S\u00edndrome de Stevens-Johnson, necr\u00f3lisis epid\u00e9rmica t\u00f3xica, y pustulosis exantem\u00e1tica generalizada aguda.<\/p>\n<p>[\/et_pb_text][\/et_pb_column][\/et_pb_row][et_pb_row _builder_version=\u00bb4.20.4&#8243; _module_preset=\u00bbdefault\u00bb global_colors_info=\u00bb{}\u00bb][et_pb_column type=\u00bb4_4&#8243; _builder_version=\u00bb4.20.4&#8243; _module_preset=\u00bbdefault\u00bb global_colors_info=\u00bb{}\u00bb][et_pb_text _builder_version=\u00bb4.24.0&#8243; _module_preset=\u00bbdefault\u00bb global_colors_info=\u00bb{}\u00bb]<\/p>\n<p><strong>Contraindicaciones:\u00a0<\/strong><\/p>\n<p>No usar por m\u00e1s de 7 d\u00edas consecutivos si tiene tos persistente, cr\u00f3nica o con excesiva flema; si padece bronquitis, enfisema, asma, enfermedad prost\u00e1tica, presi\u00f3n alta, diabetes, glaucoma, artritis, enfermedades de la tiroides, insuficiencia hep\u00e1tica o renal, enfermedad card\u00edaca, o alergia a los ingredientes de la f\u00f3rmula. NO TOMAR JUNTAMENTE con alcohol; con otros productos que contengan los mismos ingredientes; o con estos medicamentos: sedantes, tranquilizantes, antidepresivos, para condiciones psiqui\u00e1tricas o emocionales, para Parkinson; psicoestimulantes como anfetaminas; y algunos productos para la supresi\u00f3n del apetito (anorex\u00edgenos). Puede tomarlo 2 semanas despu\u00e9s de haberlos suspendido.<\/p>\n<p>Registros Sanitarios (Venta Libre): Guatemala No. PF-58589; El Salvador No. F076916122021; Honduras No. HN-M-0322-0067; Nicaragua No. 01180480922; Costa Rica No. M-ES-22-00229; Panam\u00e1 No. ; Rep\u00fablica Dominicana No.<\/p>\n<p>Para mayor informaci\u00f3n sobre este producto comun\u00edquese a los tels.: Guatemala 2436-9090 \u2022 El Salvador 2267-9000 \u2022 Honduras 2269-2100 \u2022 Nicaragua 2253-8630 \u2022 Costa Rica 4100-6300 y 2505-6300 \u2022 Panam\u00e1 271-6100 \u2022 Rep\u00fablica Dominicana, Santo Domingo 809-530-8086<\/p>\n<p>Cons\u00e9rvese en un lugar fresco y seco a temperatura no mayor de 30\u00b0C. Producto medicinal. Mant\u00e9ngase fuera del alcance de los ni\u00f1os.<\/p>\n<p>El laminado de aluminio asegura frescura, seguridad y conveniencia. No use el producto si el laminado est\u00e1 roto.<\/p>\n<p>Producto hecho en Espa\u00f1a por Berlimed, S.A. bajo licencia de Bayer Consumer Care AG Suiza para Bayer S.A., Guatemala. Empacado por Bayer S.A., Guatemala.<\/p>\n<p><a href=\"mailto:consumer-care@bayer.com\">consumer-care@bayer.com<\/a><\/p>\n<p><a href=\"http:\/\/www.bayer.com\/es\/co\/andina-y-cac-home\">www.bayer.com\/es\/co\/andina-y-cac-home<\/a><\/p>\n<p>[\/et_pb_text][et_pb_text _builder_version=\u00bb4.24.0&#8243; _module_preset=\u00bbdefault\u00bb global_colors_info=\u00bb{}\u00bb]<\/p>\n<p>Si los s\u00edntomas persisten, consulte a su m\u00e9dico. Si desea reportar un efecto adverso o una queja de calidad, por favor comun\u00edquese con su profesional de salud (Ej. m\u00e9dico o farmac\u00e9utico) o con su autoridad sanitaria local. Los reportes se pueden dirigir al correo farmacovigilancia.cac@bayer.com<\/p>\n<p>Copyright \u00a9 Bayer Centroam\u00e9rica y el Caribe<\/p>\n<p>[\/et_pb_text][\/et_pb_column][\/et_pb_row][\/et_pb_section]<\/p>\n","protected":false},"excerpt":{"rendered":"<p>TABCIN ANTIGRIPAL EXTRA FUERTE GRIPE Y TOSIndicaciones Para el alivio de los s\u00edntomas del resfriado y la gripe: Tos, dolor de cabeza y cuerpo, secreci\u00f3n y congesti\u00f3n nasal, fiebre, estornudos y dolor de garganta.Dosis Adultos, 2 c\u00e1psulas con agua cada 4 a 6 horas. M\u00e1ximo 8 c\u00e1psulas al d\u00eda. Ni\u00f1os menores de 12 a\u00f1os, consulte [&hellip;]<\/p>\n","protected":false},"author":1,"featured_media":0,"parent":0,"menu_order":0,"comment_status":"closed","ping_status":"closed","template":"page-template-blank.php","meta":{"_et_pb_use_builder":"on","_et_pb_old_content":"","_et_gb_content_width":"","footnotes":""},"class_list":["post-335","page","type-page","status-publish","hentry"],"_links":{"self":[{"href":"https:\/\/cacmarcasconsumo.com\/gripe-y-tos-extra-fuerte\/wp-json\/wp\/v2\/pages\/335","targetHints":{"allow":["GET"]}}],"collection":[{"href":"https:\/\/cacmarcasconsumo.com\/gripe-y-tos-extra-fuerte\/wp-json\/wp\/v2\/pages"}],"about":[{"href":"https:\/\/cacmarcasconsumo.com\/gripe-y-tos-extra-fuerte\/wp-json\/wp\/v2\/types\/page"}],"author":[{"embeddable":true,"href":"https:\/\/cacmarcasconsumo.com\/gripe-y-tos-extra-fuerte\/wp-json\/wp\/v2\/users\/1"}],"replies":[{"embeddable":true,"href":"https:\/\/cacmarcasconsumo.com\/gripe-y-tos-extra-fuerte\/wp-json\/wp\/v2\/comments?post=335"}],"version-history":[{"count":3,"href":"https:\/\/cacmarcasconsumo.com\/gripe-y-tos-extra-fuerte\/wp-json\/wp\/v2\/pages\/335\/revisions"}],"predecessor-version":[{"id":369,"href":"https:\/\/cacmarcasconsumo.com\/gripe-y-tos-extra-fuerte\/wp-json\/wp\/v2\/pages\/335\/revisions\/369"}],"wp:attachment":[{"href":"https:\/\/cacmarcasconsumo.com\/gripe-y-tos-extra-fuerte\/wp-json\/wp\/v2\/media?parent=335"}],"curies":[{"name":"wp","href":"https:\/\/api.w.org\/{rel}","templated":true}]}}

<p>[et_pb_section fb_built=»1&#8243; _builder_version=»4.24.0&#8243; _module_preset=»default» custom_padding=»0px||0px||true|false» hover_enabled=»0&#8243; locked=»off» global_colors_info=»{}» background_color=»#92479c» sticky_enabled=»0&#8243;][et_pb_row column_structure=»1_2,1_2&#8243; _builder_version=»4.19.5&#8243; _module_preset=»default» width=»100%» max_width=»95%» max_width_tablet=»100%» max_width_phone=»100%» max_width_last_edited=»on|desktop» hover_enabled=»0&#8243; custom_css_main_element=»display:flex;» global_colors_info=»{}» sticky_enabled=»0&#8243;][et_pb_column type=»1_2&#8243; _builder_version=»4.19.5&#8243; _module_preset=»default» global_colors_info=»{}»][et_pb_image src=»https://cacmarcasconsumo.com/gripe-y-tos-extra-fuerte/wp-content/uploads/2024/02/tabcin_gripe_tos_extra_fuerte.png» title_text=»tabcin_gripe_tos_extra_fuerte» url=»@ET-DC@eyJkeW5hbWljIjp0cnVlLCJjb250ZW50IjoicG9zdF9saW5rX3VybF9wYWdlIiwic2V0dGluZ3MiOnsicG9zdF9pZCI6IjMzNCJ9fQ==@» _builder_version=»4.24.0&#8243; _dynamic_attributes=»url» _module_preset=»default» width=»27%» width_tablet=»80%» width_phone=»100%» width_last_edited=»on|tablet» custom_margin=»|||75px|false|false» custom_margin_tablet=»|||75px|false|false» custom_margin_phone=»|||20px|false|false» custom_margin_last_edited=»on|desktop» custom_padding=»|||1rem|false|false» animation_style=»zoom» hover_enabled=»0&#8243; global_colors_info=»{}» background_enable_color=»off» border_radii=»on|16px|16px|16px|16px» sticky_enabled=»0&#8243;][/et_pb_image][/et_pb_column][et_pb_column type=»1_2&#8243; _builder_version=»4.19.5&#8243; _module_preset=»default» global_colors_info=»{}»][et_pb_image src=»https://cacmarcasconsumo.com/gripe-y-tos-extra-fuerte/wp-content/uploads/2024/02/bayerlogo.png» title_text=»bayerlogo» url=»https://www.bayer.com/en/» url_new_window=»on» align=»right» _builder_version=»4.24.0&#8243; _module_preset=»default» width=»15%» width_tablet=»40%» width_phone=»45%» width_last_edited=»on|phone» custom_margin=»|75px|||false|false» custom_margin_tablet=»|75px|||false|false» custom_margin_phone=»|20px|||false|false» custom_margin_last_edited=»on|phone» animation_style=»zoom» global_colors_info=»{}»][/et_pb_image][/et_pb_column][/et_pb_row][/et_pb_section][et_pb_section fb_built=»1&#8243; _builder_version=»4.24.0&#8243; _module_preset=»default» hover_enabled=»0&#8243; global_colors_info=»{}» sticky_enabled=»0&#8243;][et_pb_row _builder_version=»4.20.4&#8243; _module_preset=»default» global_colors_info=»{}»][et_pb_column type=»4_4&#8243; _builder_version=»4.20.4&#8243; _module_preset=»default» global_colors_info=»{}»][et_pb_text _builder_version=»4.24.0&#8243; _module_preset=»default» text_orientation=»center» global_colors_info=»{}»]</p>
<h3>TABCIN ANTIGRIPAL EXTRA FUERTE GRIPE Y TOS</h3>
<p>[/et_pb_text][et_pb_text _builder_version=»4.24.0&#8243; _module_preset=»default» header_3_font=»|700|||||||» global_colors_info=»{}»]</p>
<p><strong>Indicaciones</strong></p>
<p>Para el alivio de los síntomas del resfriado y la gripe: Tos, dolor de cabeza y cuerpo, secreción y congestión nasal, fiebre, estornudos y dolor de garganta.</p>
<p>[/et_pb_text][et_pb_text _builder_version=»4.24.0&#8243; _module_preset=»default» global_colors_info=»{}»]</p>
<p><strong>Dosis</strong></p>
<p>Adultos, 2 cápsulas con agua cada 4 a 6 horas. Máximo 8 cápsulas al día. Niños menores de 12 años, consulte a su médico.</p>
<p>[/et_pb_text][/et_pb_column][/et_pb_row][et_pb_row _builder_version=»4.20.4&#8243; _module_preset=»default» global_colors_info=»{}»][et_pb_column type=»4_4&#8243; _builder_version=»4.20.4&#8243; _module_preset=»default» global_colors_info=»{}»][et_pb_text _builder_version=»4.24.0&#8243; _module_preset=»default» header_3_font=»|700|||||||» global_colors_info=»{}»]</p>
<p><strong>Fórmula por cápsula:</strong></p>
<p> Acetaminofén 325 mg, Maleato de Clorfeniramina 2 mg, Clorhidrato de Fenilefrina 5 mg, Bromhidrato de Dextrometorfano 10 mg, e ingredientes inactivos.</p>
<p>[/et_pb_text][/et_pb_column][/et_pb_row][et_pb_row _builder_version=»4.20.4&#8243; _module_preset=»default» global_colors_info=»{}»][et_pb_column type=»4_4&#8243; _builder_version=»4.20.4&#8243; _module_preset=»default» global_colors_info=»{}»][et_pb_text _builder_version=»4.24.0&#8243; _module_preset=»default» header_3_font=»|700|||||||» global_colors_info=»{}»]</p>
<p><strong>Precauciones: </strong></p>
<p>No exceda la dosis recomendada. Consulte a su médico si: está embarazada o en período de lactancia; padece estrechez del cuello de la vejiga; si los síntomas no mejoran o aparecen nuevos; si el dolor o la fiebre dura más de 3 días; o se presentan erupciones en la piel, náusea, vómitos, nerviosismo, mareos, o falta de sueño y en caso de sobredosis. Si ocurre somnolencia no maneje automóvil ni máquinas peligrosas. Puede producir sueño o irritabilidad en los niños. Uso prolongado sólo bajo vigilancia médica. Puede causar mareos o hipotensión en pacientes mayores de 60 años. El uso prolongado de Acetaminofén, aun en pequeñas dosis, puede provocar desórdenes renales y hepáticos. El Acetaminofén está asociado con reacciones poco comunes pero serias en la piel como Síndrome de Stevens-Johnson, necrólisis epidérmica tóxica, y pustulosis exantemática generalizada aguda.</p>
<p>[/et_pb_text][/et_pb_column][/et_pb_row][et_pb_row _builder_version=»4.20.4&#8243; _module_preset=»default» global_colors_info=»{}»][et_pb_column type=»4_4&#8243; _builder_version=»4.20.4&#8243; _module_preset=»default» global_colors_info=»{}»][et_pb_text _builder_version=»4.24.0&#8243; _module_preset=»default» global_colors_info=»{}»]</p>
<p><strong>Contraindicaciones: </strong></p>
<p>No usar por más de 7 días consecutivos si tiene tos persistente, crónica o con excesiva flema; si padece bronquitis, enfisema, asma, enfermedad prostática, presión alta, diabetes, glaucoma, artritis, enfermedades de la tiroides, insuficiencia hepática o renal, enfermedad cardíaca, o alergia a los ingredientes de la fórmula. NO TOMAR JUNTAMENTE con alcohol; con otros productos que contengan los mismos ingredientes; o con estos medicamentos: sedantes, tranquilizantes, antidepresivos, para condiciones psiquiátricas o emocionales, para Parkinson; psicoestimulantes como anfetaminas; y algunos productos para la supresión del apetito (anorexígenos). Puede tomarlo 2 semanas después de haberlos suspendido.</p>
<p>Registros Sanitarios (Venta Libre): Guatemala No. PF-58589; El Salvador No. F076916122021; Honduras No. HN-M-0322-0067; Nicaragua No. 01180480922; Costa Rica No. M-ES-22-00229; Panamá No. ; República Dominicana No.</p>
<p>Para mayor información sobre este producto comuníquese a los tels.: Guatemala 2436-9090 • El Salvador 2267-9000 • Honduras 2269-2100 • Nicaragua 2253-8630 • Costa Rica 4100-6300 y 2505-6300 • Panamá 271-6100 • República Dominicana, Santo Domingo 809-530-8086</p>
<p>Consérvese en un lugar fresco y seco a temperatura no mayor de 30°C. Producto medicinal. Manténgase fuera del alcance de los niños.</p>
<p>El laminado de aluminio asegura frescura, seguridad y conveniencia. No use el producto si el laminado está roto.</p>
<p>Producto hecho en España por Berlimed, S.A. bajo licencia de Bayer Consumer Care AG Suiza para Bayer S.A., Guatemala. Empacado por Bayer S.A., Guatemala.</p>
<p><a href="mailto:consumer-care@bayer.com">consumer-care@bayer.com</a></p>
<p><a href="http://www.bayer.com/es/co/andina-y-cac-home">www.bayer.com/es/co/andina-y-cac-home</a></p>
<p>[/et_pb_text][et_pb_text _builder_version=»4.24.0&#8243; _module_preset=»default» global_colors_info=»{}»]</p>
<p>Si los síntomas persisten, consulte a su médico. Si desea reportar un efecto adverso o una queja de calidad, por favor comuníquese con su profesional de salud (Ej. médico o farmacéutico) o con su autoridad sanitaria local. Los reportes se pueden dirigir al correo farmacovigilancia.cac@bayer.com</p>
<p>Copyright © Bayer Centroamérica y el Caribe</p>
<p>[/et_pb_text][/et_pb_column][/et_pb_row][/et_pb_section]</p>

<p>TABCIN ANTIGRIPAL EXTRA FUERTE GRIPE Y TOSIndicaciones Para el alivio de los síntomas del resfriado y la gripe: Tos, dolor de cabeza y cuerpo, secreción y congestión nasal, fiebre, estornudos y dolor de garganta.Dosis Adultos, 2 cápsulas con agua cada 4 a 6 horas. Máximo 8 cápsulas al día. Niños menores de 12 años, consulte [&hellip;]</p>
